{"id":4441,"date":"2025-02-22T07:57:43","date_gmt":"2025-02-22T06:57:43","guid":{"rendered":"https:\/\/bolnicaprijedor.com\/?page_id=4441"},"modified":"2025-02-22T07:57:43","modified_gmt":"2025-02-22T06:57:43","slug":"odjeljenje-za-neurologiju","status":"publish","type":"page","link":"https:\/\/bolnicaprijedor.com\/?page_id=4441","title":{"rendered":"Odjeljenje za neurologiju"},"content":{"rendered":"\n<p>Na\u0161e odjeljenje se bavi zbrinjavanjem i lije\u010denjem akutnih i hroni\u010dnih neurolo\u0161kih oboljenja &#8211; oboljenja perifernog i centralnog nervnog sistema prema najnovijim smjernicama stru\u010dne neurolo\u0161ke javnosti od koji napominjemo da se radi primjena tromboliti\u010dke terapije u jedinici za mo\u017edani udar.<\/p>\n\n\n\n<p>Na\u0161e odjeljenje je sastavljeno iz bolni\u010dkog dijela sa kapacitetom od 25 kreveta kao i specijalisti\u010dko &#8211; konsultativnog dijela koju \u010dine prijemna neurolo\u0161ka ambulanta, specijalisti\u010dka ambulanta (dvije ordinacije) kao i kabinet za EEG, EMNG i kabinet za ultrazvuk krvnih sudova glave i vrata.<\/p>\n\n\n\n<p>Radno vijeme prijemne ambulante je od 00-24h, radno vrijeme specijalisti\u010dkih ambulanti od 09-14h.<\/p>\n\n\n\n<p>Osoblje odjeljenja \u010dine ljekari specijalisti neurologije, ljekari na specijalizaciji i ljekar sekundarac \u0161to \u010dini ukupno 9 ljekara, te med. sestara tehni\u010dara ukupno 15 od koji tri rade u KSZ-u.<\/p>\n\n\n\n<p>Na\u010delnik odjeljenja: dr Goran Bjelica spec. neuropsihijatar<\/p>\n\n\n\n<p>Glavna sestra odjeljenja: dipl. med. zdravstvene njege Sanja Lazarevi\u0107<\/p>\n\n\n\n<p>Ljekari specijalisti:<\/p>\n\n\n\n<p>dr \u017deljko Bojani\u0107 spec. neuropsihijatrije<\/p>\n\n\n\n<p>dr Milica Gazdi\u0107 spec. neurologije<\/p>\n\n\n\n<p>dr Brankica Gnjatovi\u0107 spec. neurologije<\/p>\n\n\n\n<p>dr Sini\u0161a Keranovi\u0107 spec. neurologije<\/p>\n\n\n\n<p>dr Dragan Macura spec. neurologije<\/p>\n\n\n\n<p>Ljekari na specijalizaciji<\/p>\n\n\n\n<p>dr Milan Majstorovi\u0107 specijalizant neurologije<\/p>\n\n\n\n<p>dr Bojana Torbica specijalizant neurologije<\/p>\n\n\n\n<p>dr Verica Trivunovi\u0107 \u2013 ljekar sekundarac<\/p>\n","protected":false},"excerpt":{"rendered":"<p>Na\u0161e odjeljenje se bavi zbrinjavanjem i lije\u010denjem akutnih i hroni\u010dnih neurolo\u0161kih oboljenja &#8211; oboljenja perifernog i centralnog nervnog sistema prema najnovijim smjernicama stru\u010dne neurolo\u0161ke javnosti od koji napominjemo da se radi primjena tromboliti\u010dke terapije u jedinici za mo\u017edani udar. Na\u0161e odjeljenje je sastavljeno iz bolni\u010dkog dijela sa kapacitetom od 25 kreveta kao i specijalisti\u010dko &#8211;<\/p>\n","protected":false},"author":1,"featured_media":0,"parent":0,"menu_order":0,"comment_status":"closed","ping_status":"closed","template":"","meta":{"footnotes":""},"class_list":["post-4441","page","type-page","status-publish","hentry"],"_links":{"self":[{"href":"https:\/\/bolnicaprijedor.com\/index.php?rest_route=\/wp\/v2\/pages\/4441","targetHints":{"allow":["GET"]}}],"collection":[{"href":"https:\/\/bolnicaprijedor.com\/index.php?rest_route=\/wp\/v2\/pages"}],"about":[{"href":"https:\/\/bolnicaprijedor.com\/index.php?rest_route=\/wp\/v2\/types\/page"}],"author":[{"embeddable":true,"href":"https:\/\/bolnicaprijedor.com\/index.php?rest_route=\/wp\/v2\/users\/1"}],"replies":[{"embeddable":true,"href":"https:\/\/bolnicaprijedor.com\/index.php?rest_route=%2Fwp%2Fv2%2Fcomments&post=4441"}],"version-history":[{"count":1,"href":"https:\/\/bolnicaprijedor.com\/index.php?rest_route=\/wp\/v2\/pages\/4441\/revisions"}],"predecessor-version":[{"id":4442,"href":"https:\/\/bolnicaprijedor.com\/index.php?rest_route=\/wp\/v2\/pages\/4441\/revisions\/4442"}],"wp:attachment":[{"href":"https:\/\/bolnicaprijedor.com\/index.php?rest_route=%2Fwp%2Fv2%2Fmedia&parent=4441"}],"curies":[{"name":"wp","href":"https:\/\/api.w.org\/{rel}","templated":true}]}}