{"id":4430,"date":"2025-02-22T07:51:26","date_gmt":"2025-02-22T06:51:26","guid":{"rendered":"https:\/\/bolnicaprijedor.com\/?page_id=4430"},"modified":"2025-02-22T07:51:26","modified_gmt":"2025-02-22T06:51:26","slug":"mamografija","status":"publish","type":"page","link":"https:\/\/bolnicaprijedor.com\/?page_id=4430","title":{"rendered":"Mamografija"},"content":{"rendered":"\n<p>Mamografija je zlatni standard u otkrivanju raka dojke zbog jednostavnosti, cijene i korisnosti. Obavlja se na rendgenskom aparatu koji se zove mamograf \u010diji se rad temelji na kori\u0161tenju jonizuju\u0107ih ili tzv. X-zraka. Mo\u017ee otkriti rak dojke dvije godine prije nego \u0161to tumor postane opipljiv, prije pojave bilo kojih znakova ili simptoma bolesti.<\/p>\n\n\n\n<p>Prilikom snimanja grudi se komprimiraju (stisnu) izme\u0111u dvije plo\u010de na RTG-aparatu kako bi se dobio bolji prikaz tkiva dojke, a istovremeno se koriste i manje doze zra\u010denja. Snimanje se vr\u0161i u dva razli\u010dita smjera, pa je dojku potrebno dva puta komprimirati. Za svaku dojku dobiju se dvije mamografske slike. Pregled je najbolje napraviti prvih deset dana menstruacijskog ciklusa. \u017dene s implantatima dojke i dalje trebaju redovno obavljati mamografiju.<\/p>\n","protected":false},"excerpt":{"rendered":"<p>Mamografija je zlatni standard u otkrivanju raka dojke zbog jednostavnosti, cijene i korisnosti. Obavlja se na rendgenskom aparatu koji se zove mamograf \u010diji se rad temelji na kori\u0161tenju jonizuju\u0107ih ili tzv. X-zraka. Mo\u017ee otkriti rak dojke dvije godine prije nego \u0161to tumor postane opipljiv, prije pojave bilo kojih znakova ili simptoma bolesti. Prilikom snimanja grudi<\/p>\n","protected":false},"author":1,"featured_media":0,"parent":0,"menu_order":0,"comment_status":"closed","ping_status":"closed","template":"","meta":{"footnotes":""},"class_list":["post-4430","page","type-page","status-publish","hentry"],"_links":{"self":[{"href":"https:\/\/bolnicaprijedor.com\/index.php?rest_route=\/wp\/v2\/pages\/4430","targetHints":{"allow":["GET"]}}],"collection":[{"href":"https:\/\/bolnicaprijedor.com\/index.php?rest_route=\/wp\/v2\/pages"}],"about":[{"href":"https:\/\/bolnicaprijedor.com\/index.php?rest_route=\/wp\/v2\/types\/page"}],"author":[{"embeddable":true,"href":"https:\/\/bolnicaprijedor.com\/index.php?rest_route=\/wp\/v2\/users\/1"}],"replies":[{"embeddable":true,"href":"https:\/\/bolnicaprijedor.com\/index.php?rest_route=%2Fwp%2Fv2%2Fcomments&post=4430"}],"version-history":[{"count":1,"href":"https:\/\/bolnicaprijedor.com\/index.php?rest_route=\/wp\/v2\/pages\/4430\/revisions"}],"predecessor-version":[{"id":4431,"href":"https:\/\/bolnicaprijedor.com\/index.php?rest_route=\/wp\/v2\/pages\/4430\/revisions\/4431"}],"wp:attachment":[{"href":"https:\/\/bolnicaprijedor.com\/index.php?rest_route=%2Fwp%2Fv2%2Fmedia&parent=4430"}],"curies":[{"name":"wp","href":"https:\/\/api.w.org\/{rel}","templated":true}]}}