{"id":4422,"date":"2025-02-22T07:49:29","date_gmt":"2025-02-22T06:49:29","guid":{"rendered":"https:\/\/bolnicaprijedor.com\/?page_id=4422"},"modified":"2025-02-22T07:49:30","modified_gmt":"2025-02-22T06:49:30","slug":"ultrazvuk","status":"publish","type":"page","link":"https:\/\/bolnicaprijedor.com\/?page_id=4422","title":{"rendered":"Ultrazvuk"},"content":{"rendered":"\n<p>Ultrazvuk (engl.ultrasound, UZV) koristi transmisiju i refleksiju ultrazvu\u010dnih talasa za prikaz pojedinih organa ili dijelova ljudskog tijela u realnom vremenu.<\/p>\n\n\n\n<p>Ultrazvuk je jedna od osnovnih, nezaobilaznih i neinvazivnih metoda koja pru\u017ea informacije o stanju unutra\u0161njih organa gornjeg i donjeg abdomena: jetre, \u017eu\u010dne kese i \u017eu\u010dnih puteva, gu\u0161tera\u010de, slezene, bubrega, nadbubre\u017enih \u017elijezda, mokra\u0107ne be\u0161ike, prostate i krvnih sudova (Doppler ultrazvu\u010dna pretraga), kao i organa i struktura vrata i dojki, mi\u0161i\u0107a i ostalih mekih tkiva.<\/p>\n\n\n\n<p>UZV pregled abdomena \u2013 izvo\u0111enje pregleda:<\/p>\n\n\n\n<p>Potrebno je ukloniti odje\u0107u i sve \u0161to prekriva pregledavani dio tijela (zavoji, flasteri).<\/p>\n\n\n\n<p>Izvo\u0111enje pregleda:<\/p>\n\n\n\n<p>Pregled se izvodi u le\u017ee\u0107em polo\u017eaju, s rukama iznad glave, te s mogu\u0107im okretanjima na bok.<\/p>\n\n\n\n<p>Pregled provodi lije\u010dnik specijalist radiolog uz eventualnu asistenciju radiolo\u0161kog tehnologa.<\/p>\n\n\n\n<p>Koristi se konveksna sonda i eventualno linearna sonda odgovaraju\u0107ih frekvencija(MHz) za pregled.<\/p>\n\n\n\n<p>Pojedini dijelovi pregleda se evidentiraju snimanjem na termo filmu, koji se prila\u017ee uz nalaz.<\/p>\n\n\n\n<p>PRIPREMA PACIJENTA ZA ULTRAZVU\u010cNI PREGLED UROTRAKTA<\/p>\n\n\n\n<p>Dva do tri dana prije pregleda nemojte jesti namirnice koje nadimaju (svje\u017ee vo\u0107e i povr\u0107e, jela s povr\u0107em-mahunarke posebno, mlijeko i mlije\u010dne prera\u0111evine, gazirana pi\u0107a).<\/p>\n\n\n\n<p>MO\u017dE SE JESTI: supa, tijesto, , riba, meso, mesne prera\u0111evine, krompir, ri\u017ea i sl.<\/p>\n\n\n\n<p>Za ve\u010deru se preporu\u010da laganiji obrok.<\/p>\n\n\n\n<p>Na pregled do\u0107i u zakazano vrijeme- nata\u0161te, punog mjehura. Ne mokriti 3-4 sata prije pregleda ili ukoliko ne mo\u017eete toliko izdr\u017eati, najdu\u017ee vrijeme koliko mo\u017eete.<\/p>\n\n\n\n<p>Izvo\u0111enje pregleda:<\/p>\n\n\n\n<p>UZV pregledi prvenstveno se izvode u le\u017ee\u0107em polo\u017eaju.<\/p>\n\n\n\n<p>Pregled obavlja lije\u010dnik specijalist radiolog uz asistenciju radiolo\u0161kog tehnologa.<\/p>\n\n\n\n<p>Nalaz se izdaje neposredno nakon pregleda .<\/p>\n\n\n\n<p>Potrebno je ukloniti odje\u0107u i sve \u0161to prekriva pregledavani dio tijela (zavoji, flasteri).<\/p>\n\n\n\n<p>Mokra\u0107ni mjehur mora bti ispunjen urinom, kako bi se omogu\u0107ila vizualizacija.<\/p>\n\n\n\n<p>Pregled se izvodi u le\u017ee\u0107em polo\u017eaju, s rukama iznad glave s mogu\u0107im okretanjima na bok.<\/p>\n\n\n\n<p>Pregled provodi lije\u010dnik specijalist radiolog uz eventualnu asistenciju radiolo\u0161kog tehnologa.<\/p>\n\n\n\n<p>Koristi se konveksna sonda (2-5MHz) i eventualno linearna (7-12MHz).<\/p>\n\n\n\n<p>Pojedini dijelovi pregleda se evidentiraju snimanjem na termo filmu, koji se prila\u017ee uz nalaz.<\/p>\n\n\n\n<p>UZV mjerenje rezidualnog urina:<\/p>\n\n\n\n<p>Nakon izmjere koli\u010dine urina (elektronskim kaliperima na ekranu ure\u0111aja), pacijent se po\u0161alje na pra\u017enjenje mjehura, te se mjeri eventualna koli\u010dina ostatnog urina.<\/p>\n","protected":false},"excerpt":{"rendered":"<p>Ultrazvuk (engl.ultrasound, UZV) koristi transmisiju i refleksiju ultrazvu\u010dnih talasa za prikaz pojedinih organa ili dijelova ljudskog tijela u realnom vremenu. Ultrazvuk je jedna od osnovnih, nezaobilaznih i neinvazivnih metoda koja pru\u017ea informacije o stanju unutra\u0161njih organa gornjeg i donjeg abdomena: jetre, \u017eu\u010dne kese i \u017eu\u010dnih puteva, gu\u0161tera\u010de, slezene, bubrega, nadbubre\u017enih \u017elijezda, mokra\u0107ne be\u0161ike, prostate i<\/p>\n","protected":false},"author":1,"featured_media":0,"parent":0,"menu_order":0,"comment_status":"closed","ping_status":"closed","template":"","meta":{"footnotes":""},"class_list":["post-4422","page","type-page","status-publish","hentry"],"_links":{"self":[{"href":"https:\/\/bolnicaprijedor.com\/index.php?rest_route=\/wp\/v2\/pages\/4422","targetHints":{"allow":["GET"]}}],"collection":[{"href":"https:\/\/bolnicaprijedor.com\/index.php?rest_route=\/wp\/v2\/pages"}],"about":[{"href":"https:\/\/bolnicaprijedor.com\/index.php?rest_route=\/wp\/v2\/types\/page"}],"author":[{"embeddable":true,"href":"https:\/\/bolnicaprijedor.com\/index.php?rest_route=\/wp\/v2\/users\/1"}],"replies":[{"embeddable":true,"href":"https:\/\/bolnicaprijedor.com\/index.php?rest_route=%2Fwp%2Fv2%2Fcomments&post=4422"}],"version-history":[{"count":1,"href":"https:\/\/bolnicaprijedor.com\/index.php?rest_route=\/wp\/v2\/pages\/4422\/revisions"}],"predecessor-version":[{"id":4423,"href":"https:\/\/bolnicaprijedor.com\/index.php?rest_route=\/wp\/v2\/pages\/4422\/revisions\/4423"}],"wp:attachment":[{"href":"https:\/\/bolnicaprijedor.com\/index.php?rest_route=%2Fwp%2Fv2%2Fmedia&parent=4422"}],"curies":[{"name":"wp","href":"https:\/\/api.w.org\/{rel}","templated":true}]}}