{"id":3811,"date":"2018-10-25T12:36:29","date_gmt":"2018-10-25T12:36:29","guid":{"rendered":"http:\/\/quanticalabs.com\/wptest\/medicenter-new\/?page_id=3811"},"modified":"2025-02-22T09:33:37","modified_gmt":"2025-02-22T08:33:37","slug":"about","status":"publish","type":"page","link":"https:\/\/bolnicaprijedor.com\/?page_id=3811","title":{"rendered":"O nama"},"content":{"rendered":"<div class=\"wpb-content-wrapper\"><p>[vc_row][vc_column][vc_column_text css=&#8221;&#8221;]JZU Bolnica \u201eDr Mladen Stojanovi\u0107\u201c Prijedor osnovana je 20.06.1994 godine odlukom Vlade Republike Srpske.Bolnica pru\u017eazdravstvene usluge na sekundarnom nivou zdravstvene za\u0161tite i to za populaciju\u00a0 Grada Prijedora i op\u0161tina Novi Grad,Kozarska Dubica(dio op\u0161tine koji gravitira prema Prijedoru),Kostajnica,O\u0161tra Luka i Krupa na Uni.<\/p>\n<p>Rje\u0161enjem Ministarstva zdravlja i socijalne za\u0161titeRepublike Srpske od 01.09.2014 utvr\u0111eno je da je JZU Bolnica \u201eDr Mladen Stojanovi\u0107\u201cispunila utvr\u0111ene standarde sigurnosti u procesu pru\u017eanja zdravstvene za\u0161tite te stekla status sertifikovane ustanove.<\/p>\n<p>Bolnici prema podacima iz 2020 godine gravitira 128622 stanovnika sa teritorija\u00a0 Grada Prijedora ranije pomenutih op\u0161tina.[\/vc_column_text][\/vc_column][\/vc_row]<\/p>\n<\/div>","protected":false},"excerpt":{"rendered":"<p>[vc_row][vc_column][vc_column_text css=&#8221;&#8221;]JZU Bolnica \u201eDr Mladen Stojanovi\u0107\u201c Prijedor osnovana je 20.06.1994 godine odlukom Vlade Republike Srpske.Bolnica pru\u017eazdravstvene usluge na sekundarnom nivou zdravstvene za\u0161tite i to za populaciju\u00a0 Grada Prijedora i op\u0161tina Novi Grad,Kozarska Dubica(dio op\u0161tine koji gravitira prema Prijedoru),Kostajnica,O\u0161tra Luka i Krupa na Uni. Rje\u0161enjem Ministarstva zdravlja i socijalne za\u0161titeRepublike Srpske od 01.09.2014 utvr\u0111eno je da<\/p>\n","protected":false},"author":1,"featured_media":0,"parent":0,"menu_order":0,"comment_status":"closed","ping_status":"closed","template":"template-default-without-breadcrumbs.php","meta":{"footnotes":""},"class_list":["post-3811","page","type-page","status-publish","hentry"],"_links":{"self":[{"href":"https:\/\/bolnicaprijedor.com\/index.php?rest_route=\/wp\/v2\/pages\/3811","targetHints":{"allow":["GET"]}}],"collection":[{"href":"https:\/\/bolnicaprijedor.com\/index.php?rest_route=\/wp\/v2\/pages"}],"about":[{"href":"https:\/\/bolnicaprijedor.com\/index.php?rest_route=\/wp\/v2\/types\/page"}],"author":[{"embeddable":true,"href":"https:\/\/bolnicaprijedor.com\/index.php?rest_route=\/wp\/v2\/users\/1"}],"replies":[{"embeddable":true,"href":"https:\/\/bolnicaprijedor.com\/index.php?rest_route=%2Fwp%2Fv2%2Fcomments&post=3811"}],"version-history":[{"count":2,"href":"https:\/\/bolnicaprijedor.com\/index.php?rest_route=\/wp\/v2\/pages\/3811\/revisions"}],"predecessor-version":[{"id":4464,"href":"https:\/\/bolnicaprijedor.com\/index.php?rest_route=\/wp\/v2\/pages\/3811\/revisions\/4464"}],"wp:attachment":[{"href":"https:\/\/bolnicaprijedor.com\/index.php?rest_route=%2Fwp%2Fv2%2Fmedia&parent=3811"}],"curies":[{"name":"wp","href":"https:\/\/api.w.org\/{rel}","templated":true}]}}